{"id":38,"date":"2023-02-23T13:39:46","date_gmt":"2023-02-23T13:39:46","guid":{"rendered":"https:\/\/kinderschutzbund-bockenem.de\/?page_id=38"},"modified":"2026-02-18T20:12:14","modified_gmt":"2026-02-18T20:12:14","slug":"mitglied-werden","status":"publish","type":"page","link":"https:\/\/kinderschutzbund-bockenem.de\/?page_id=38","title":{"rendered":"Mitglied werden"},"content":{"rendered":"<div data-colibri-id=\"38-c1\" class=\"style-356 style-local-38-c1 position-relative\">\n  <!---->\n  <div data-colibri-component=\"section\" data-colibri-id=\"38-c2\" id=\"features-2\" class=\"h-section h-section-global-spacing d-flex align-items-lg-center align-items-md-center align-items-center style-681 style-local-38-c2 position-relative\">\n    <!---->\n    <!---->\n    <div class=\"h-section-grid-container h-section-boxed-container\">\n      <div data-colibri-id=\"38-c26\" class=\"h-row-container gutters-row-lg-2 gutters-row-md-2 gutters-row-2 gutters-row-v-lg-2 gutters-row-v-md-2 gutters-row-v-2 style-691 style-local-38-c26 position-relative\">\n        <!---->\n        <div class=\"h-row justify-content-lg-center justify-content-md-center justify-content-center align-items-lg-stretch align-items-md-stretch align-items-stretch gutters-col-lg-2 gutters-col-md-2 gutters-col-2 gutters-col-v-lg-2 gutters-col-v-md-2 gutters-col-v-2\">\n          <!---->\n          <div class=\"h-column h-column-container d-flex h-col-lg-auto h-col-md-auto h-col-auto style-692-outer style-local-38-c27-outer\">\n            <div data-colibri-id=\"38-c27\" class=\"d-flex h-flex-basis h-column__inner h-px-lg-2 h-px-md-2 h-px-2 v-inner-lg-2 v-inner-md-2 v-inner-2 style-692 style-local-38-c27 position-relative\">\n              <!---->\n              <!---->\n              <div class=\"w-100 h-y-container h-column__content h-column__v-align flex-basis-100 align-self-lg-start align-self-md-start align-self-start\">\n                <!---->\n                <div data-colibri-id=\"38-c28\" class=\"h-global-transition-all h-heading style-693 style-local-38-c28 position-relative h-element\">\n                  <!---->\n                  <div class=\"h-heading__outer style-693 style-local-38-c28\">\n                    <!---->\n                    <!---->\n                    <h2 class=\"\">Kinder brauchen Halt.\n                      <br>Kinder brauchen Hoffnung.\n                      <br><span style=\"font-weight: 600;\">Kinder brauchen uns.<\/span><\/h2>\n                  <\/div>\n                <\/div>\n              <\/div>\n            <\/div>\n          <\/div>\n        <\/div>\n      <\/div>\n      <div data-colibri-id=\"38-c3\" class=\"h-row-container gutters-row-lg-2 gutters-row-md-2 gutters-row-2 gutters-row-v-lg-2 gutters-row-v-md-2 gutters-row-v-2 style-682 style-local-38-c3 position-relative\">\n        <!---->\n        <div class=\"h-row justify-content-lg-center justify-content-md-center justify-content-center align-items-lg-stretch align-items-md-stretch align-items-stretch gutters-col-lg-2 gutters-col-md-2 gutters-col-2 gutters-col-v-lg-2 gutters-col-v-md-2 gutters-col-v-2\">\n          <!---->\n          <div class=\"h-column h-column-container d-flex h-col-lg-4 h-col-md-6 h-col-12 style-683-outer style-local-38-c4-outer\">\n            <div data-colibri-id=\"38-c4\" class=\"d-flex h-flex-basis h-column__inner h-px-lg-0 h-px-md-0 h-px-0 v-inner-lg-0 v-inner-md-0 v-inner-0 style-683 style-local-38-c4 position-relative\">\n              <!---->\n              <!---->\n              <div class=\"w-100 h-y-container h-column__content h-column__v-align flex-basis-100 align-self-lg-start align-self-md-start align-self-start\">\n                <!---->\n                <div data-colibri-id=\"38-c5\" class=\"h-row-container gutters-row-lg-0 gutters-row-md-0 gutters-row-0 gutters-row-v-lg-0 gutters-row-v-md-0 gutters-row-v-0 style-684 style-local-38-c5 position-relative\">\n                  <!---->\n                  <div class=\"h-row justify-content-lg-center justify-content-md-center justify-content-center align-items-lg-stretch align-items-md-stretch align-items-stretch gutters-col-lg-0 gutters-col-md-0 gutters-col-0 gutters-col-v-lg-0 gutters-col-v-md-0 gutters-col-v-0\">\n                    <!---->\n                    <div class=\"h-column h-column-container d-flex h-col-lg-12 h-col-md-12 h-col-12 style-685-outer style-local-38-c6-outer\">\n                      <div data-colibri-id=\"38-c6\" class=\"d-flex h-flex-basis h-column__inner h-px-lg-3 h-px-md-3 h-px-3 v-inner-lg-3 v-inner-md-3 v-inner-3 style-685 style-local-38-c6 position-relative\">\n                        <!---->\n                        <!---->\n                        <div class=\"w-100 h-y-container h-column__content h-column__v-align flex-basis-100 align-self-lg-start align-self-md-start align-self-start\">\n                          <!---->\n                          <div data-colibri-id=\"38-c7\" class=\"h-icon style-686 style-local-38-c7 position-relative h-element\">\n                            <!----><span class=\"h-svg-icon h-icon__icon style-686-icon style-local-38-c7-icon\"><!--Icon by Icons8 Line Awesome (https:\/\/icons8.com\/line-awesome)--><svg version=\"1.1\" xmlns=\"http:\/\/www.w3.org\/2000\/svg\" xmlns:xlink=\"http:\/\/www.w3.org\/1999\/xlink\" id=\"group\" viewBox=\"0 0 512 545.5\"><path d=\"M128 144c52.83 0 96 43.17 96 96 0 31.74-15.602 60-39.5 77.5 23.336 11.593 42.876 29.785 55.5 52.5 12.624-22.715 32.164-40.907 55.5-52.5C271.602 300 256 271.74 256 240c0-52.83 43.17-96 96-96s96 43.17 96 96c0 31.74-15.602 60-39.5 77.5C450.7 338.465 480 381.827 480 432h-32c0-53.21-42.79-96-96-96s-96 42.79-96 96h-32c0-53.21-42.79-96-96-96s-96 42.79-96 96H0c0-50.173 29.3-93.535 71.5-114.5C47.602 300 32 271.74 32 240c0-52.83 43.17-96 96-96zm0 32c-35.536 0-64 28.464-64 64s28.464 64 64 64 64-28.464 64-64-28.464-64-64-64zm224 0c-35.536 0-64 28.464-64 64s28.464 64 64 64 64-28.464 64-64-28.464-64-64-64z\"><\/path><\/svg><\/span><\/div>\n                          <div\n                            data-colibri-id=\"38-c8\" class=\"h-global-transition-all h-heading style-687 style-local-38-c8 position-relative h-element\">\n                            <!---->\n                            <div class=\"h-heading__outer style-687 style-local-38-c8\">\n                              <!---->\n                              <!---->\n                              <h4 class=\"\">Aktive Mitglieder<\/h4>\n                            <\/div>\n                        <\/div>\n                        <div data-colibri-id=\"38-c9\" class=\"h-text h-text-component style-688 style-local-38-c9 position-relative h-element\">\n                          <!---->\n                          <!---->\n                          <div class=\"\">\n                            <p>Bringen sich pers\u00f6nlich in unsere Vereinsarbeit ein, gestalten Aktionen mit und unterst\u00fctzen Projekte f\u00fcr Kinder und Familien. Mit ihrem Engagement schaffen sie konkrete Hilfen vor Ort.<\/p>\n                          <\/div>\n                        <\/div>\n                      <\/div>\n                    <\/div>\n                  <\/div>\n                <\/div>\n              <\/div>\n            <\/div>\n          <\/div>\n        <\/div>\n        <div class=\"h-column h-column-container d-flex h-col-lg-4 h-col-md-6 h-col-12 style-689-outer style-local-38-c10-outer\">\n          <div data-colibri-id=\"38-c10\" class=\"d-flex h-flex-basis h-column__inner h-px-lg-0 h-px-md-0 h-px-0 v-inner-lg-0 v-inner-md-0 v-inner-0 style-689 style-local-38-c10 position-relative\">\n            <!---->\n            <!---->\n            <div class=\"w-100 h-y-container h-column__content h-column__v-align flex-basis-100 align-self-lg-start align-self-md-start align-self-start\">\n              <!---->\n              <div data-colibri-id=\"38-c11\" class=\"h-row-container gutters-row-lg-0 gutters-row-md-0 gutters-row-0 gutters-row-v-lg-0 gutters-row-v-md-0 gutters-row-v-0 style-684 style-local-38-c11 position-relative\">\n                <!---->\n                <div class=\"h-row justify-content-lg-center justify-content-md-center justify-content-center align-items-lg-stretch align-items-md-stretch align-items-stretch gutters-col-lg-0 gutters-col-md-0 gutters-col-0 gutters-col-v-lg-0 gutters-col-v-md-0 gutters-col-v-0\">\n                  <!---->\n                  <div class=\"h-column h-column-container d-flex h-col-lg-12 h-col-md-12 h-col-12 style-685-outer style-local-38-c12-outer\">\n                    <div data-colibri-id=\"38-c12\" class=\"d-flex h-flex-basis h-column__inner h-px-lg-3 h-px-md-3 h-px-3 v-inner-lg-3 v-inner-md-3 v-inner-3 style-685 style-local-38-c12 position-relative\">\n                      <!---->\n                      <!---->\n                      <div class=\"w-100 h-y-container h-column__content h-column__v-align flex-basis-100 align-self-lg-start align-self-md-start align-self-start\">\n                        <!---->\n                        <div data-colibri-id=\"38-c13\" class=\"h-icon style-686 style-local-38-c13 position-relative h-element\">\n                          <!----><span class=\"h-svg-icon h-icon__icon style-686-icon style-local-38-c13-icon\"><!--Icon by Icons8 Line Awesome (https:\/\/icons8.com\/line-awesome)--><svg version=\"1.1\" xmlns=\"http:\/\/www.w3.org\/2000\/svg\" xmlns:xlink=\"http:\/\/www.w3.org\/1999\/xlink\" id=\"book\" viewBox=\"0 0 512 545.5\"><path d=\"M160 112c46.716 0 87.714 15.696 96 19 8.286-3.304 49.284-19 96-19 51.633 0 102 21 102 21l10 4.5V464H283.5c-5.535 9.55-15.662 16-27.5 16s-21.965-6.45-27.5-16H48V137.5l10-4.5s50.367-21 102-21zm0 32c-35.185 0-67.71 11.04-80 15.5v258c19-6.27 46.35-14 80-14 32.912 0 62.207 8.096 80 14v-258c-16.003-5.485-49.065-15.5-80-15.5zm192 0c-30.935 0-63.997 10.015-80 15.5v258c17.793-5.904 47.088-14 80-14 33.65 0 61 7.73 80 14v-258c-12.29-4.46-44.815-15.5-80-15.5z\"><\/path><\/svg><\/span><\/div>\n                        <div\n                          data-colibri-id=\"38-c14\" class=\"h-global-transition-all h-heading style-687 style-local-38-c14 position-relative h-element\">\n                          <!---->\n                          <div class=\"h-heading__outer style-687 style-local-38-c14\">\n                            <!---->\n                            <!---->\n                            <h4 class=\"\">Passive Mitlgieder<\/h4>\n                          <\/div>\n                      <\/div>\n                      <div data-colibri-id=\"38-c15\" class=\"h-text h-text-component style-688 style-local-38-c15 position-relative h-element\">\n                        <!---->\n                        <!---->\n                        <div class=\"\">\n                          <p>Unterst\u00fctzen unsere Arbeit durch ihren Mitgliedsbeitrag und erm\u00f6glichen so vielf\u00e4ltige Angebote und Projekte f\u00fcr Kinder und Familien. Ihr Beitrag schafft verl\u00e4ssliche Hilfe vor Ort.<\/p>\n                        <\/div>\n                      <\/div>\n                    <\/div>\n                  <\/div>\n                <\/div>\n              <\/div>\n            <\/div>\n          <\/div>\n        <\/div>\n      <\/div>\n      <div class=\"h-column h-column-container d-flex h-col-lg-4 h-col-md-6 h-col-12 style-690-outer style-local-38-c16-outer\">\n        <div data-colibri-id=\"38-c16\" class=\"d-flex h-flex-basis h-column__inner h-px-lg-0 h-px-md-0 h-px-0 v-inner-lg-0 v-inner-md-0 v-inner-0 style-690 style-local-38-c16 position-relative\">\n          <!---->\n          <!---->\n          <div class=\"w-100 h-y-container h-column__content h-column__v-align flex-basis-100 align-self-lg-start align-self-md-start align-self-start\">\n            <!---->\n            <div data-colibri-id=\"38-c17\" class=\"h-row-container gutters-row-lg-0 gutters-row-md-0 gutters-row-0 gutters-row-v-lg-0 gutters-row-v-md-0 gutters-row-v-0 style-684 style-local-38-c17 position-relative\">\n              <!---->\n              <div class=\"h-row justify-content-lg-center justify-content-md-center justify-content-center align-items-lg-stretch align-items-md-stretch align-items-stretch gutters-col-lg-0 gutters-col-md-0 gutters-col-0 gutters-col-v-lg-0 gutters-col-v-md-0 gutters-col-v-0\">\n                <!---->\n                <div class=\"h-column h-column-container d-flex h-col-lg-12 h-col-md-12 h-col-12 style-685-outer style-local-38-c18-outer\">\n                  <div data-colibri-id=\"38-c18\" class=\"d-flex h-flex-basis h-column__inner h-px-lg-3 h-px-md-3 h-px-3 v-inner-lg-3 v-inner-md-3 v-inner-3 style-685 style-local-38-c18 position-relative\">\n                    <!---->\n                    <!---->\n                    <div class=\"w-100 h-y-container h-column__content h-column__v-align flex-basis-100 align-self-lg-start align-self-md-start align-self-start\">\n                      <!---->\n                      <div data-colibri-id=\"38-c19\" class=\"h-icon style-686 style-local-38-c19 position-relative h-element\">\n                        <!----><span class=\"h-svg-icon h-icon__icon style-686-icon style-local-38-c19-icon\"><!--Icon by Icons8 Line Awesome (https:\/\/icons8.com\/line-awesome)--><svg version=\"1.1\" xmlns=\"http:\/\/www.w3.org\/2000\/svg\" xmlns:xlink=\"http:\/\/www.w3.org\/1999\/xlink\" id=\"pagelines\" viewBox=\"0 0 512 545.5\"><path d=\"M241.5 96s61.5 19.88 61.5 71c0 23.55-7.816 41.514-13.5 52 .93 20.555.293 41.76-2.5 63 3.693-12.454 13.096-39.608 31-56 28.384-25.968 80.5-18.5 80.5-18.5s4.992 28.996-26 60.5c-30.186 30.684-83.694 21.03-86.5 20.5-3.964 26.39-11.18 52.395-21.5 76.5 12.91-17.148 40.978-47 78.5-47 39.632 0 65.5 21.5 65.5 21.5s-23.176 58.5-75 58.5c-46.87 0-70.602-16.662-75-20-1.657 3.346-3.202 6.755-5 10-29.338 52.968-78.852 92-150 92v-16c65.412 0 108.683-34.18 136-83.5.54-.974.974-2.015 1.5-3-9.54 4.327-26.05 10-51 10-61.456-.016-80.5-68.5-80.5-68.5s29.704-19.584 61-16c53.34 6.096 71.736 42.33 77.5 60 10.65-23.807 17.995-50.244 22-77-8.692 2.116-25.625 5.055-51 .5-39.632-7.104-63.928-35.912-69-73 0 0 37.756-13.72 67.5-3 30.606 11.027 47.126 42.485 54.5 60.5 1.642-15.68 1.977-31.258 1.5-46.5-14.61-8.438-41.062-28.31-45.5-60-5.84-41.904 13.5-68.5 13.5-68.5z\"><\/path><\/svg><\/span><\/div>\n                      <div\n                        data-colibri-id=\"38-c20\" class=\"h-global-transition-all h-heading style-687 style-local-38-c20 position-relative h-element\">\n                        <!---->\n                        <div class=\"h-heading__outer style-687 style-local-38-c20\">\n                          <!---->\n                          <!---->\n                          <h4 class=\"\">Mitglied werden<\/h4>\n                        <\/div>\n                    <\/div>\n                    <div data-colibri-id=\"38-c21\" class=\"h-text h-text-component style-688 style-local-38-c21 position-relative h-element\">\n                      <!---->\n                      <!---->\n                      <div class=\"\">\n                        <p>Werden Sie Teil unseres Engagements f\u00fcr Kinder und Familien und st\u00e4rken Sie unsere Arbeit nachhaltig. Hier finden Sie alle Informationen sowie unseren Mitgliedsantrag.<\/p>\n                      <\/div>\n                    <\/div>\n                  <\/div>\n                <\/div>\n              <\/div>\n            <\/div>\n          <\/div>\n        <\/div>\n      <\/div>\n    <\/div>\n  <\/div>\n<\/div>\n<div data-colibri-id=\"38-c29\" class=\"h-row-container gutters-row-lg-2 gutters-row-md-2 gutters-row-0 gutters-row-v-lg-2 gutters-row-v-md-2 gutters-row-v-2 style-1065 style-local-38-c29 position-relative\">\n  <!---->\n  <div class=\"h-row justify-content-lg-center justify-content-md-center justify-content-center align-items-lg-stretch align-items-md-stretch align-items-stretch gutters-col-lg-2 gutters-col-md-2 gutters-col-0 gutters-col-v-lg-2 gutters-col-v-md-2 gutters-col-v-2\">\n    <!---->\n    <div class=\"h-column h-column-container d-flex h-col-lg-auto h-col-md-auto h-col-auto style-1066-outer style-local-38-c30-outer\">\n      <div data-colibri-id=\"38-c30\" class=\"d-flex h-flex-basis h-column__inner h-px-lg-2 h-px-md-2 h-px-2 v-inner-lg-2 v-inner-md-2 v-inner-2 style-1066 style-local-38-c30 position-relative\">\n        <!---->\n        <!---->\n        <div class=\"w-100 h-y-container h-column__content h-column__v-align flex-basis-100 align-self-lg-start align-self-md-start align-self-start\">\n          <!---->\n          <div data-colibri-id=\"38-c32\" class=\"h-global-transition-all h-heading style-1068 style-local-38-c32 position-relative h-element\">\n            <!---->\n            <div class=\"h-heading__outer style-1068 style-local-38-c32\">\n              <!---->\n              <!---->\n              <h1 class=\"\"><span style=\"font-weight: 600;\">Machen Sie sich stark f\u00fcr Kinder<\/span><\/h1>\n            <\/div>\n          <\/div>\n          <div data-colibri-id=\"38-c31\" class=\"h-text h-text-component style-1067 style-local-38-c31 position-relative h-element\">\n            <!---->\n            <!---->\n            <div class=\"\">\n              <p>Hier finden Sie unseren Mitgliedsantrag als Download.<\/p>\n            <\/div>\n          <\/div>\n        <\/div>\n      <\/div>\n    <\/div>\n  <\/div>\n<\/div>\n<div data-colibri-id=\"38-c22\" class=\"h-row-container gutters-row-lg-2 gutters-row-md-2 gutters-row-0 gutters-row-v-lg-2 gutters-row-v-md-2 gutters-row-v-2 style-1060 style-local-38-c22 position-relative\">\n  <!---->\n  <div class=\"h-row justify-content-lg-center justify-content-md-center justify-content-center align-items-lg-stretch align-items-md-stretch align-items-stretch gutters-col-lg-2 gutters-col-md-2 gutters-col-0 gutters-col-v-lg-2 gutters-col-v-md-2 gutters-col-v-2\">\n    <!---->\n    <div class=\"h-column h-column-container d-flex h-col-lg-auto h-col-md-auto h-col-auto style-1061-outer style-local-38-c23-outer\">\n      <div data-colibri-id=\"38-c23\" class=\"d-flex h-flex-basis h-column__inner h-px-lg-2 h-px-md-2 h-px-2 v-inner-lg-2 v-inner-md-2 v-inner-2 style-1061 style-local-38-c23 position-relative\">\n        <!---->\n        <!---->\n        <div class=\"w-100 h-y-container h-column__content h-column__v-align flex-basis-100 align-self-lg-start align-self-md-start align-self-start\">\n          <!---->\n          <div data-colibri-id=\"38-c24\" class=\"h-x-container style-1063 style-local-38-c24 position-relative h-element\">\n            <!---->\n            <div class=\"h-x-container-inner style-dynamic-38-c24-group style-1063-spacing style-local-38-c24-spacing\"><span class=\"h-link__outer style-1064-outer style-local-38-c25-outer d-inline-flex h-element\"><a h-use-smooth-scroll=\"true\" href=\"https:\/\/kinderschutzbund-bockenem.de\/wp-content\/uploads\/2025\/10\/Mitgliedsantrag.pdf\"  data-colibri-id=\"38-c25\" class=\"d-flex w-100 align-items-center h-link style-1064 style-local-38-c25 position-relative\"><!----><span  class=\"h-svg-icon h-link__icon style-1064-icon style-local-38-c25-icon\"><!--Icon by Material Icons (https:\/\/material.io)--><svg version=\"1.1\" xmlns=\"http:\/\/www.w3.org\/2000\/svg\" xmlns:xlink=\"http:\/\/www.w3.org\/1999\/xlink\" id=\"card_membership\" viewBox=\"0 0 512 512\"><path d=\"M427 213V85H85v128h342zm0 107v-43H85v43h342zm0-277q18 0 30 12t12 30v235q0 18-12 30.5T427 363h-86v106l-85-42-85 42V363H85q-18 0-30-12.5T43 320V85q0-18 12-30t30-12h342z\"><\/path><\/svg><\/span>              <span>Mitgliedsantrag<\/span><\/a>\n              <\/span>\n            <\/div>\n          <\/div>\n        <\/div>\n      <\/div>\n    <\/div>\n  <\/div>\n<\/div>\n<\/div>\n<\/div>\n<\/div>","protected":false},"excerpt":{"rendered":"<p>Kinder brauchen Halt. Kinder brauchen Hoffnung. Kinder brauchen uns. Aktive Mitglieder Bringen sich pers\u00f6nlich in unsere Vereinsarbeit ein, gestalten Aktionen mit und unterst\u00fctzen Projekte f\u00fcr Kinder und Familien. Mit ihrem Engagement schaffen sie konkrete Hilfen vor Ort. Passive Mitlgieder Unterst\u00fctzen unsere Arbeit durch ihren Mitgliedsbeitrag und erm\u00f6glichen so vielf\u00e4ltige Angebote und Projekte f\u00fcr Kinder und [&hellip;]<\/p>\n","protected":false},"author":1,"featured_media":0,"parent":0,"menu_order":0,"comment_status":"closed","ping_status":"closed","template":"page-templates\/full-width-page.php","meta":{"footnotes":""},"class_list":["post-38","page","type-page","status-publish","hentry"],"_links":{"self":[{"href":"https:\/\/kinderschutzbund-bockenem.de\/index.php?rest_route=\/wp\/v2\/pages\/38","targetHints":{"allow":["GET"]}}],"collection":[{"href":"https:\/\/kinderschutzbund-bockenem.de\/index.php?rest_route=\/wp\/v2\/pages"}],"about":[{"href":"https:\/\/kinderschutzbund-bockenem.de\/index.php?rest_route=\/wp\/v2\/types\/page"}],"author":[{"embeddable":true,"href":"https:\/\/kinderschutzbund-bockenem.de\/index.php?rest_route=\/wp\/v2\/users\/1"}],"replies":[{"embeddable":true,"href":"https:\/\/kinderschutzbund-bockenem.de\/index.php?rest_route=%2Fwp%2Fv2%2Fcomments&post=38"}],"version-history":[{"count":20,"href":"https:\/\/kinderschutzbund-bockenem.de\/index.php?rest_route=\/wp\/v2\/pages\/38\/revisions"}],"predecessor-version":[{"id":794,"href":"https:\/\/kinderschutzbund-bockenem.de\/index.php?rest_route=\/wp\/v2\/pages\/38\/revisions\/794"}],"wp:attachment":[{"href":"https:\/\/kinderschutzbund-bockenem.de\/index.php?rest_route=%2Fwp%2Fv2%2Fmedia&parent=38"}],"curies":[{"name":"wp","href":"https:\/\/api.w.org\/{rel}","templated":true}]}}