{"id":186,"date":"2025-09-30T12:41:45","date_gmt":"2025-09-30T12:41:45","guid":{"rendered":"https:\/\/kinderschutzbund-bockenem.de\/?page_id=186"},"modified":"2026-02-18T21:22:32","modified_gmt":"2026-02-18T21:22:32","slug":"vorstand","status":"publish","type":"page","link":"https:\/\/kinderschutzbund-bockenem.de\/?page_id=186","title":{"rendered":"Vorstand"},"content":{"rendered":"<div data-colibri-id=\"186-c1\" class=\"style-283 style-local-186-c1 position-relative\">\n  <!---->\n  <div data-colibri-component=\"section\" data-colibri-id=\"186-c2\" id=\"team-2\" class=\"h-section h-section-global-spacing d-flex align-items-lg-center align-items-md-center align-items-center style-1092 style-local-186-c2 position-relative\">\n    <!---->\n    <!---->\n    <div class=\"h-section-grid-container h-section-boxed-container\">\n      <div data-colibri-id=\"186-c35\" class=\"h-row-container gutters-row-lg-2 gutters-row-md-2 gutters-row-2 gutters-row-v-lg-2 gutters-row-v-md-2 gutters-row-v-2 style-1104 style-local-186-c35 position-relative\">\n        <!---->\n        <div class=\"h-row justify-content-lg-center justify-content-md-center justify-content-center align-items-lg-stretch align-items-md-stretch align-items-stretch gutters-col-lg-2 gutters-col-md-2 gutters-col-2 gutters-col-v-lg-2 gutters-col-v-md-2 gutters-col-v-2\">\n          <!---->\n          <div class=\"h-column h-column-container d-flex h-col-lg-auto h-col-md-auto h-col-auto style-1105-outer style-local-186-c36-outer\">\n            <div data-colibri-id=\"186-c36\" class=\"d-flex h-flex-basis h-column__inner h-px-lg-2 h-px-md-2 h-px-2 v-inner-lg-2 v-inner-md-2 v-inner-2 style-1105 style-local-186-c36 position-relative\">\n              <!---->\n              <!---->\n              <div class=\"w-100 h-y-container h-column__content h-column__v-align flex-basis-100 align-self-lg-start align-self-md-start align-self-start\">\n                <!---->\n                <div data-colibri-id=\"186-c37\" class=\"h-global-transition-all h-heading style-1106 style-local-186-c37 position-relative h-element\">\n                  <!---->\n                  <div class=\"h-heading__outer style-1106 style-local-186-c37\">\n                    <!---->\n                    <!---->\n                    <h2 class=\"\">Unser Vorstandsteam<\/h2>\n                  <\/div>\n                <\/div>\n                <div data-colibri-id=\"186-c38\" class=\"h-lead h-text h-text-component style-1107 style-local-186-c38 position-relative h-element\">\n                  <!---->\n                  <!---->\n                  <div class=\"\">\n                    <p><span style=\"font-weight: 600;\">Vier Herzen. Viele Ideen. Ein Ziel: Starke Kinder.<\/span><\/p>\n                  <\/div>\n                <\/div>\n              <\/div>\n            <\/div>\n          <\/div>\n        <\/div>\n      <\/div>\n      <div data-colibri-id=\"186-c3\" class=\"h-row-container gutters-row-lg-2 gutters-row-md-2 gutters-row-0 gutters-row-v-lg-2 gutters-row-v-md-2 gutters-row-v-2 style-1113 style-local-186-c3 position-relative\">\n        <!---->\n        <div class=\"h-row justify-content-lg-center justify-content-md-center justify-content-center align-items-lg-stretch align-items-md-stretch align-items-stretch gutters-col-lg-2 gutters-col-md-2 gutters-col-0 gutters-col-v-lg-2 gutters-col-v-md-2 gutters-col-v-2\">\n          <!---->\n          <div class=\"h-column h-column-container d-flex h-col-lg-auto h-col-md-auto h-col-auto style-1114-outer style-local-186-c4-outer\">\n            <div data-colibri-id=\"186-c4\" class=\"d-flex h-flex-basis h-column__inner h-px-lg-2 h-px-md-2 h-px-2 v-inner-lg-2 v-inner-md-2 v-inner-2 style-1114 style-local-186-c4 position-relative\">\n              <!---->\n              <!---->\n              <div class=\"w-100 h-y-container h-column__content h-column__v-align flex-basis-100 align-self-lg-start align-self-md-start align-self-start\">\n                <!---->\n                <div data-colibri-id=\"186-c5\" class=\"h-text h-text-component style-1115 style-local-186-c5 position-relative h-element\">\n                  <!---->\n                  <!---->\n                  <div class=\"\">\n                    <p>Wir setzen uns mit Leidenschaft, Kreativit\u00e4t und einer gro\u00dfen Portion Herzblut f\u00fcr Kinder und Familien ein.\n                      <br> Ob bei Aktionen, Festen oder Projekten \u2013 bei uns stehen die Kinder immer im Mittelpunkt.<\/p>\n                    <p>Gemeinsam lachen, planen, organisieren und anpacken \u2013 damit Kinder Schutz, Unterst\u00fctzung und sch\u00f6ne Erlebnisse erfahren.<\/p>\n                  <\/div>\n                <\/div>\n              <\/div>\n            <\/div>\n          <\/div>\n        <\/div>\n      <\/div>\n      <div data-colibri-id=\"186-c6\" class=\"h-row-container gutters-row-lg-2 gutters-row-md-2 gutters-row-2 gutters-row-v-lg-2 gutters-row-v-md-2 gutters-row-v-2 style-1093 style-local-186-c6 position-relative\">\n        <!---->\n        <div class=\"h-row justify-content-lg-center justify-content-md-center justify-content-center align-items-lg-stretch align-items-md-stretch align-items-stretch gutters-col-lg-2 gutters-col-md-2 gutters-col-2 gutters-col-v-lg-2 gutters-col-v-md-2 gutters-col-v-2\">\n          <!---->\n          <div class=\"h-column h-column-container d-flex h-col-lg-3 h-col-md-6 h-col-12 style-1094-outer style-local-186-c7-outer\">\n            <div data-colibri-id=\"186-c7\" class=\"d-flex h-flex-basis h-column__inner h-px-lg-0 h-px-md-0 h-px-0 v-inner-lg-0 v-inner-md-0 v-inner-0 style-1094 style-local-186-c7 position-relative\">\n              <!---->\n              <!---->\n              <div class=\"w-100 h-y-container h-column__content h-column__v-align flex-basis-100 align-self-lg-start align-self-md-start align-self-start\">\n                <!---->\n                <div data-colibri-id=\"186-c8\" class=\"d-block style-1095 style-local-186-c8 position-relative h-element\">\n                  <!---->\n                  <div class=\"h-image__frame-container-outer\">\n                    <div class=\"h-image__frame-container\">\n                      <!---->\n                      <!---->\n                      <img loading=\"lazy\" decoding=\"async\" width=\"462\" height=\"462\" src=\"https:\/\/kinderschutzbund-bockenem.de\/wp-content\/uploads\/2026\/02\/cropped-IMG_6436.jpeg\" class=\"wp-image-619 style-1095-image style-local-186-c8-image\" alt=\"\" srcset=\"https:\/\/kinderschutzbund-bockenem.de\/wp-content\/uploads\/2026\/02\/cropped-IMG_6436.jpeg 462w, https:\/\/kinderschutzbund-bockenem.de\/wp-content\/uploads\/2026\/02\/cropped-IMG_6436-300x300.jpeg 300w, https:\/\/kinderschutzbund-bockenem.de\/wp-content\/uploads\/2026\/02\/cropped-IMG_6436-150x150.jpeg 150w\" sizes=\"auto, (max-width: 462px) 100vw, 462px\" \/>\n                      <div class=\"h-image__frame h-hide-lg h-hide-md h-hide-sm style-1095-frameImage style-local-186-c8-frameImage\"><\/div>\n                    <\/div>\n                  <\/div>\n                <\/div>\n                <div data-colibri-id=\"186-c9\" class=\"h-row-container gutters-row-lg-0 gutters-row-md-0 gutters-row-0 gutters-row-v-lg-0 gutters-row-v-md-0 gutters-row-v-0 style-1096 style-local-186-c9 position-relative\">\n                  <!---->\n                  <div class=\"h-row justify-content-lg-center justify-content-md-center justify-content-center align-items-lg-stretch align-items-md-stretch align-items-stretch gutters-col-lg-0 gutters-col-md-0 gutters-col-0 gutters-col-v-lg-0 gutters-col-v-md-0 gutters-col-v-0\">\n                    <!---->\n                    <div class=\"h-column h-column-container d-flex h-col-lg-auto h-col-md-auto h-col-auto style-1097-outer style-local-186-c10-outer\">\n                      <div data-colibri-id=\"186-c10\" class=\"d-flex h-flex-basis h-column__inner h-px-lg-2 h-px-md-2 h-px-2 v-inner-lg-2 v-inner-md-2 v-inner-2 style-1097 style-local-186-c10 position-relative\">\n                        <!---->\n                        <!---->\n                        <div class=\"w-100 h-y-container h-column__content h-column__v-align flex-basis-100 align-self-lg-start align-self-md-start align-self-start\">\n                          <!---->\n                          <div data-colibri-id=\"186-c11\" class=\"h-global-transition-all h-heading style-1098 style-local-186-c11 position-relative h-element\">\n                            <!---->\n                            <div class=\"h-heading__outer style-1098 style-local-186-c11\">\n                              <!---->\n                              <!---->\n                              <h4 class=\"\">Carola Illers<\/h4>\n                            <\/div>\n                          <\/div>\n                          <div data-colibri-id=\"186-c12\" class=\"h-text h-text-component style-1099 style-local-186-c12 position-relative h-element\">\n                            <!---->\n                            <!---->\n                            <div class=\"\">\n                              <p><em>1. Vorsitzende<\/em>\n                                <br>\n                              <\/p>\n                            <\/div>\n                          <\/div>\n                          <div data-colibri-id=\"186-c13\" class=\"h-text h-text-component style-1108 style-local-186-c13 position-relative h-element\">\n                            <!---->\n                            <!---->\n                            <div class=\"\">\n                              <p>Mit Herz und Erfahrung f\u00fcr Kinder stark.<\/p>\n                            <\/div>\n                          <\/div>\n                        <\/div>\n                      <\/div>\n                    <\/div>\n                  <\/div>\n                <\/div>\n              <\/div>\n            <\/div>\n          <\/div>\n          <div class=\"h-column h-column-container d-flex h-col-lg-3 h-col-md-6 h-col-12 style-1094-outer style-local-186-c14-outer\">\n            <div data-colibri-id=\"186-c14\" class=\"d-flex h-flex-basis h-column__inner h-px-lg-0 h-px-md-0 h-px-0 v-inner-lg-0 v-inner-md-0 v-inner-0 style-1094 style-local-186-c14 position-relative\">\n              <!---->\n              <!---->\n              <div class=\"w-100 h-y-container h-column__content h-column__v-align flex-basis-100 align-self-lg-start align-self-md-start align-self-start\">\n                <!---->\n                <div data-colibri-id=\"186-c15\" class=\"d-block style-1095 style-local-186-c15 position-relative h-element\">\n                  <!---->\n                  <div class=\"h-image__frame-container-outer\">\n                    <div class=\"h-image__frame-container\">\n                      <!---->\n                      <!---->\n                      <img loading=\"lazy\" decoding=\"async\" width=\"546\" height=\"546\" src=\"https:\/\/kinderschutzbund-bockenem.de\/wp-content\/uploads\/2026\/02\/cropped-IMG_6439.jpeg\" class=\"wp-image-621 style-1095-image style-local-186-c15-image\" alt=\"\" srcset=\"https:\/\/kinderschutzbund-bockenem.de\/wp-content\/uploads\/2026\/02\/cropped-IMG_6439.jpeg 546w, https:\/\/kinderschutzbund-bockenem.de\/wp-content\/uploads\/2026\/02\/cropped-IMG_6439-300x300.jpeg 300w, https:\/\/kinderschutzbund-bockenem.de\/wp-content\/uploads\/2026\/02\/cropped-IMG_6439-150x150.jpeg 150w\" sizes=\"auto, (max-width: 546px) 100vw, 546px\" \/>\n                      <div class=\"h-image__frame h-hide-lg h-hide-md h-hide-sm style-1095-frameImage style-local-186-c15-frameImage\"><\/div>\n                    <\/div>\n                  <\/div>\n                <\/div>\n                <div data-colibri-id=\"186-c16\" class=\"h-row-container gutters-row-lg-0 gutters-row-md-0 gutters-row-0 gutters-row-v-lg-0 gutters-row-v-md-0 gutters-row-v-0 style-1096 style-local-186-c16 position-relative\">\n                  <!---->\n                  <div class=\"h-row justify-content-lg-center justify-content-md-center justify-content-center align-items-lg-stretch align-items-md-stretch align-items-stretch gutters-col-lg-0 gutters-col-md-0 gutters-col-0 gutters-col-v-lg-0 gutters-col-v-md-0 gutters-col-v-0\">\n                    <!---->\n                    <div class=\"h-column h-column-container d-flex h-col-lg-auto h-col-md-auto h-col-auto style-1097-outer style-local-186-c17-outer\">\n                      <div data-colibri-id=\"186-c17\" class=\"d-flex h-flex-basis h-column__inner h-px-lg-2 h-px-md-2 h-px-2 v-inner-lg-2 v-inner-md-2 v-inner-2 style-1097 style-local-186-c17 position-relative\">\n                        <!---->\n                        <!---->\n                        <div class=\"w-100 h-y-container h-column__content h-column__v-align flex-basis-100 align-self-lg-start align-self-md-start align-self-start\">\n                          <!---->\n                          <div data-colibri-id=\"186-c18\" class=\"h-global-transition-all h-heading style-1098 style-local-186-c18 position-relative h-element\">\n                            <!---->\n                            <div class=\"h-heading__outer style-1098 style-local-186-c18\">\n                              <!---->\n                              <!---->\n                              <h4 class=\"\">Angela Wibke-Bode<\/h4>\n                            <\/div>\n                          <\/div>\n                          <div data-colibri-id=\"186-c19\" class=\"h-text h-text-component style-1099 style-local-186-c19 position-relative h-element\">\n                            <!---->\n                            <!---->\n                            <div class=\"\">\n                              <p><em>2. Vorsitzende<\/em>\n                                <br>\n                              <\/p>\n                            <\/div>\n                          <\/div>\n                          <div data-colibri-id=\"186-c20\" class=\"h-text h-text-component style-1109 style-local-186-c20 position-relative h-element\">\n                            <!---->\n                            <!---->\n                            <div class=\"\">\n                              <p>Ideenreich, engagiert und immer nah an den Familien.<\/p>\n                            <\/div>\n                          <\/div>\n                        <\/div>\n                      <\/div>\n                    <\/div>\n                  <\/div>\n                <\/div>\n              <\/div>\n            <\/div>\n          <\/div>\n          <div class=\"h-column h-column-container d-flex h-col-lg-3 h-col-md-6 h-col-12 style-1094-outer style-local-186-c21-outer\">\n            <div data-colibri-id=\"186-c21\" class=\"d-flex h-flex-basis h-column__inner h-px-lg-0 h-px-md-0 h-px-0 v-inner-lg-0 v-inner-md-0 v-inner-0 style-1094 style-local-186-c21 position-relative\">\n              <!---->\n              <!---->\n              <div class=\"w-100 h-y-container h-column__content h-column__v-align flex-basis-100 align-self-lg-start align-self-md-start align-self-start\">\n                <!---->\n                <div data-colibri-id=\"186-c22\" class=\"d-block style-1095 style-local-186-c22 position-relative h-element\">\n                  <!---->\n                  <div class=\"h-image__frame-container-outer\">\n                    <div class=\"h-image__frame-container\">\n                      <!---->\n                      <!---->\n                      <img loading=\"lazy\" decoding=\"async\" width=\"1277\" height=\"1277\" src=\"https:\/\/kinderschutzbund-bockenem.de\/wp-content\/uploads\/2026\/02\/cropped-6ba152ec-76b0-401f-bfd5-ef45f29d2e12.jpg\" class=\"wp-image-571 style-1095-image style-local-186-c22-image\" alt=\"\" srcset=\"https:\/\/kinderschutzbund-bockenem.de\/wp-content\/uploads\/2026\/02\/cropped-6ba152ec-76b0-401f-bfd5-ef45f29d2e12.jpg 1277w, https:\/\/kinderschutzbund-bockenem.de\/wp-content\/uploads\/2026\/02\/cropped-6ba152ec-76b0-401f-bfd5-ef45f29d2e12-300x300.jpg 300w, https:\/\/kinderschutzbund-bockenem.de\/wp-content\/uploads\/2026\/02\/cropped-6ba152ec-76b0-401f-bfd5-ef45f29d2e12-1024x1024.jpg 1024w, https:\/\/kinderschutzbund-bockenem.de\/wp-content\/uploads\/2026\/02\/cropped-6ba152ec-76b0-401f-bfd5-ef45f29d2e12-150x150.jpg 150w, https:\/\/kinderschutzbund-bockenem.de\/wp-content\/uploads\/2026\/02\/cropped-6ba152ec-76b0-401f-bfd5-ef45f29d2e12-768x768.jpg 768w\" sizes=\"auto, (max-width: 1277px) 100vw, 1277px\" \/>\n                      <div class=\"h-image__frame h-hide-lg h-hide-md h-hide-sm style-1095-frameImage style-local-186-c22-frameImage\"><\/div>\n                    <\/div>\n                  <\/div>\n                <\/div>\n                <div data-colibri-id=\"186-c23\" class=\"h-row-container gutters-row-lg-0 gutters-row-md-0 gutters-row-0 gutters-row-v-lg-0 gutters-row-v-md-0 gutters-row-v-0 style-1096 style-local-186-c23 position-relative\">\n                  <!---->\n                  <div class=\"h-row justify-content-lg-center justify-content-md-center justify-content-center align-items-lg-stretch align-items-md-stretch align-items-stretch gutters-col-lg-0 gutters-col-md-0 gutters-col-0 gutters-col-v-lg-0 gutters-col-v-md-0 gutters-col-v-0\">\n                    <!---->\n                    <div class=\"h-column h-column-container d-flex h-col-lg-auto h-col-md-auto h-col-auto style-1097-outer style-local-186-c24-outer\">\n                      <div data-colibri-id=\"186-c24\" class=\"d-flex h-flex-basis h-column__inner h-px-lg-2 h-px-md-2 h-px-2 v-inner-lg-2 v-inner-md-2 v-inner-2 style-1097 style-local-186-c24 position-relative\">\n                        <!---->\n                        <!---->\n                        <div class=\"w-100 h-y-container h-column__content h-column__v-align flex-basis-100 align-self-lg-start align-self-md-start align-self-start\">\n                          <!---->\n                          <div data-colibri-id=\"186-c25\" class=\"h-global-transition-all h-heading style-1098 style-local-186-c25 position-relative h-element\">\n                            <!---->\n                            <div class=\"h-heading__outer style-1098 style-local-186-c25\">\n                              <!---->\n                              <!---->\n                              <h4 class=\"\">Kerstin Schlee<\/h4>\n                            <\/div>\n                          <\/div>\n                          <div data-colibri-id=\"186-c26\" class=\"h-text h-text-component style-1099 style-local-186-c26 position-relative h-element\">\n                            <!---->\n                            <!---->\n                            <div class=\"\">\n                              <p>Schriftf\u00fchrerin<\/p>\n                            <\/div>\n                          <\/div>\n                          <div data-colibri-id=\"186-c27\" class=\"h-text h-text-component style-1110 style-local-186-c27 position-relative h-element\">\n                            <!---->\n                            <!---->\n                            <div class=\"\">\n                              <p>Beh\u00e4lt den \u00dcberblick \u2013 damit kein gutes Projekt verloren geht.<\/p>\n                            <\/div>\n                          <\/div>\n                        <\/div>\n                      <\/div>\n                    <\/div>\n                  <\/div>\n                <\/div>\n              <\/div>\n            <\/div>\n          <\/div>\n          <div class=\"h-column h-column-container d-flex h-col-lg-3 h-col-md-6 h-col-12 style-1094-outer style-local-186-c28-outer\">\n            <div data-colibri-id=\"186-c28\" class=\"d-flex h-flex-basis h-column__inner h-px-lg-0 h-px-md-0 h-px-0 v-inner-lg-0 v-inner-md-0 v-inner-0 style-1094 style-local-186-c28 position-relative\">\n              <!---->\n              <!---->\n              <div class=\"w-100 h-y-container h-column__content h-column__v-align flex-basis-100 align-self-lg-start align-self-md-start align-self-start\">\n                <!---->\n                <div data-colibri-id=\"186-c29\" class=\"d-block style-1095 style-local-186-c29 position-relative h-element\">\n                  <!---->\n                  <div class=\"h-image__frame-container-outer\">\n                    <div class=\"h-image__frame-container\">\n                      <!---->\n                      <!---->\n                      <img loading=\"lazy\" decoding=\"async\" width=\"1919\" height=\"1918\" src=\"https:\/\/kinderschutzbund-bockenem.de\/wp-content\/uploads\/2026\/02\/cropped-IMG_1607-scaled-1.jpeg\" class=\"wp-image-488 style-1095-image style-local-186-c29-image\" alt=\"\" srcset=\"https:\/\/kinderschutzbund-bockenem.de\/wp-content\/uploads\/2026\/02\/cropped-IMG_1607-scaled-1.jpeg 1919w, https:\/\/kinderschutzbund-bockenem.de\/wp-content\/uploads\/2026\/02\/cropped-IMG_1607-scaled-1-300x300.jpeg 300w, https:\/\/kinderschutzbund-bockenem.de\/wp-content\/uploads\/2026\/02\/cropped-IMG_1607-scaled-1-1024x1024.jpeg 1024w, https:\/\/kinderschutzbund-bockenem.de\/wp-content\/uploads\/2026\/02\/cropped-IMG_1607-scaled-1-150x150.jpeg 150w, https:\/\/kinderschutzbund-bockenem.de\/wp-content\/uploads\/2026\/02\/cropped-IMG_1607-scaled-1-768x768.jpeg 768w, https:\/\/kinderschutzbund-bockenem.de\/wp-content\/uploads\/2026\/02\/cropped-IMG_1607-scaled-1-1536x1536.jpeg 1536w\" sizes=\"auto, (max-width: 1919px) 100vw, 1919px\" \/>\n                      <div class=\"h-image__frame h-hide-lg h-hide-md h-hide-sm style-1095-frameImage style-local-186-c29-frameImage\"><\/div>\n                    <\/div>\n                  <\/div>\n                <\/div>\n                <div data-colibri-id=\"186-c30\" class=\"h-row-container gutters-row-lg-0 gutters-row-md-0 gutters-row-0 gutters-row-v-lg-0 gutters-row-v-md-0 gutters-row-v-0 style-1096 style-local-186-c30 position-relative\">\n                  <!---->\n                  <div class=\"h-row justify-content-lg-center justify-content-md-center justify-content-center align-items-lg-stretch align-items-md-stretch align-items-stretch gutters-col-lg-0 gutters-col-md-0 gutters-col-0 gutters-col-v-lg-0 gutters-col-v-md-0 gutters-col-v-0\">\n                    <!---->\n                    <div class=\"h-column h-column-container d-flex h-col-lg-auto h-col-md-auto h-col-auto style-1097-outer style-local-186-c31-outer\">\n                      <div data-colibri-id=\"186-c31\" class=\"d-flex h-flex-basis h-column__inner h-px-lg-2 h-px-md-2 h-px-2 v-inner-lg-2 v-inner-md-2 v-inner-2 style-1097 style-local-186-c31 position-relative\">\n                        <!---->\n                        <!---->\n                        <div class=\"w-100 h-y-container h-column__content h-column__v-align flex-basis-100 align-self-lg-start align-self-md-start align-self-start\">\n                          <!---->\n                          <div data-colibri-id=\"186-c32\" class=\"h-global-transition-all h-heading style-1098 style-local-186-c32 position-relative h-element\">\n                            <!---->\n                            <div class=\"h-heading__outer style-1098 style-local-186-c32\">\n                              <!---->\n                              <!---->\n                              <h4 class=\"\">Tanja Notzon<\/h4>\n                            <\/div>\n                          <\/div>\n                          <div data-colibri-id=\"186-c33\" class=\"h-text h-text-component style-1099 style-local-186-c33 position-relative h-element\">\n                            <!---->\n                            <!---->\n                            <div class=\"\">\n                              <p>Kassenwartin<\/p>\n                            <\/div>\n                          <\/div>\n                        <\/div>\n                      <\/div>\n                    <\/div>\n                  <\/div>\n                <\/div>\n                <div data-colibri-id=\"186-c34\" class=\"h-text h-text-component style-1111 style-local-186-c34 position-relative h-element\">\n                  <!---->\n                  <!---->\n                  <div class=\"\">\n                    <p>Sorgt daf\u00fcr, dass jede Unterst\u00fctzung dort ankommt, wo sie gebraucht wird.<\/p>\n                  <\/div>\n                <\/div>\n              <\/div>\n            <\/div>\n          <\/div>\n        <\/div>\n      <\/div>\n    <\/div>\n  <\/div>\n<\/div>","protected":false},"excerpt":{"rendered":"<p>Unser Vorstandsteam Vier Herzen. Viele Ideen. Ein Ziel: Starke Kinder. Wir setzen uns mit Leidenschaft, Kreativit\u00e4t und einer gro\u00dfen Portion Herzblut f\u00fcr Kinder und Familien ein. Ob bei Aktionen, Festen oder Projekten \u2013 bei uns stehen die Kinder immer im Mittelpunkt. Gemeinsam lachen, planen, organisieren und anpacken \u2013 damit Kinder Schutz, Unterst\u00fctzung und sch\u00f6ne Erlebnisse [&hellip;]<\/p>\n","protected":false},"author":2,"featured_media":0,"parent":0,"menu_order":0,"comment_status":"closed","ping_status":"closed","template":"page-templates\/full-width-page.php","meta":{"footnotes":""},"class_list":["post-186","page","type-page","status-publish","hentry"],"_links":{"self":[{"href":"https:\/\/kinderschutzbund-bockenem.de\/index.php?rest_route=\/wp\/v2\/pages\/186","targetHints":{"allow":["GET"]}}],"collection":[{"href":"https:\/\/kinderschutzbund-bockenem.de\/index.php?rest_route=\/wp\/v2\/pages"}],"about":[{"href":"https:\/\/kinderschutzbund-bockenem.de\/index.php?rest_route=\/wp\/v2\/types\/page"}],"author":[{"embeddable":true,"href":"https:\/\/kinderschutzbund-bockenem.de\/index.php?rest_route=\/wp\/v2\/users\/2"}],"replies":[{"embeddable":true,"href":"https:\/\/kinderschutzbund-bockenem.de\/index.php?rest_route=%2Fwp%2Fv2%2Fcomments&post=186"}],"version-history":[{"count":19,"href":"https:\/\/kinderschutzbund-bockenem.de\/index.php?rest_route=\/wp\/v2\/pages\/186\/revisions"}],"predecessor-version":[{"id":887,"href":"https:\/\/kinderschutzbund-bockenem.de\/index.php?rest_route=\/wp\/v2\/pages\/186\/revisions\/887"}],"wp:attachment":[{"href":"https:\/\/kinderschutzbund-bockenem.de\/index.php?rest_route=%2Fwp%2Fv2%2Fmedia&parent=186"}],"curies":[{"name":"wp","href":"https:\/\/api.w.org\/{rel}","templated":true}]}}